1 (base 6) in base 7?
-15124
Convert -a825 (base 15) to base 6.
-432425
What is -1095c (base 14) in base 9?
-61205
1011001110101101 (base 2) to base 6
552541
What is 137 (base 12) in base 10?
187
1791 (base 12) to base 2
101100011101
Convert -1247 (base 12) to base 13.
-c34
-178 (base 16) to base 8
-570
What is 1120302 (base 4) in base 11?
42a6
What is 1806 (base 16) in base 4?
1200012
Convert -1365 (base 10) to base 4.
-111111
-202411 (base 6) to base 2
-11111100000111
Convert -1010200 (base 3) to base 2.
-1100111100
Convert -2d53 (base 16) to base 10.
-11603
What is -2120321 (base 4) in base 9?
-14372
What is -2503 (base 13) in base 5?
-131432
What is 14361 (base 8) in base 4?
1203301
Convert -24152 (base 11) to base 16.
-87e0
Convert 853 (base 9) to base 7.
2013
What is 100100010101 (base 2) in base 15?
a50
What is 132111 (base 4) in base 10?
1941
Convert -1124 (base 9) to base 11.
-697
Convert -270a (base 11) to base 10.
-3519
-151 (base 10) to base 7
-304
What is -262 (base 9) in base 4?
-3122
-10101111101 (base 2) to base 10
-1405
Convert -144 (base 6) to base 15.
-44
What is 4b9 (base 12) in base 5?
10332
What is -4d1 (base 14) in base 15?
-447
Convert 11001110011 (base 2) to base 5.
23101
What is 1b1 (base 13) in base 16?
139
-110 (base 15) to base 14
-132
-321c (base 14) to base 13
-3c25
Convert -409 (base 10) to base 14.
-213
Convert 39918 (base 12) to base 11.
54458
-35542 (base 6) to base 3
-21002122
-31bb (base 12) to base 5
-133341
Convert -31 (base 16) to base 2.
-110001
Convert -11100112 (base 3) to base 11.
-2425
Convert -102101210 (base 3) to base 5.
-231220
Convert -2665a (base 11) to base 6.
-452111
Convert 23e (base 15) to base 12.
365
What is 1345 (base 6) in base 11?
2a1
What is 4061 (base 14) in base 10?
11061
Convert 113033 (base 4) to base 14.
783
Convert -b4 (base 12) to base 6.
-344
-1979 (base 10) to base 2
-11110111011
Convert -20110210 (base 3) to base 16.
-126f
Convert -1501 (base 10) to base 6.
-10541
What is 10202012012 (base 3) in base 4?
102000221
Convert 636 (base 8) to base 13.
25b
What is 382 (base 14) in base 4?
22332
What is 1001101000111 (base 2) in base 8?
11507
What is -1000101100 (base 2) in base 8?
-1054
What is -2233003 (base 4) in base 2?
-10101111000011
Convert 36 (base 11) to base 2.
100111
What is -5c5 (base 15) in base 5?
-20220
What is 28546 (base 10) in base 9?
43137
What is 221100 (base 3) in base 11?
572
-83 (base 10) to base 14
-5d
Convert 1234 (base 6) to base 4.
10312
Convert 12232210 (base 4) to base 8.
65644
Convert 1112314 (base 6) to base 14.
1671c
Convert -92 (base 12) to base 3.
-11002
Convert -a19 (base 14) to base 3.
-2201110
What is -35411 (base 6) in base 4?
-1033333
Convert 132323 (base 4) to base 14.
a15
Convert 240040 (base 5) to base 3.
110000211
5085 (base 11) to base 2
1101001011100
-116 (base 11) to base 4
-2022
What is 3040 (base 9) in base 11?
1741
Convert -4003 (base 5) to base 12.
-35b
-1204 (base 10) to base 4
-102310
-110100001110111 (base 2) to base 15
-7dcd
-2300210 (base 4) to base 7
-44642
What is -1111111111 (base 2) in base 11?
-850
Convert 10100010 (base 2) to base 13.
c6
What is -5156 (base 9) in base 5?
-110102
Convert -826 (base 11) to base 5.
-12441
What is 10000000001 (base 2) in base 7?
2663
What is 5a3 (base 16) in base 9?
1873
What is 6541 (base 10) in base 9?
8867
Convert 210 (base 14) to base 7.
1120
What is 1220 (base 7) in base 8?
707
What is 9bfa (base 16) in base 5?
2234210
-774 (base 16) to base 2
-11101110100
What is -3444 (base 9) in base 4?
-213313
What is -104134 (base 6) in base 2?
-10000111111010
354 (base 6) to base 14
a2
What is -21010123 (base 4) in base 16?
-911b
What is -1754 (base 13) in base 14?
-1385
403114 (base 5) to base 9
18633
8a6b (base 15) to base 7
151400
Convert -288 (base 9) to base 12.
-182
-100111011011 (base 2) to base 6
-15403
33413 (base 5) to base 11
1854
What is 21754 (base 10) in base 14?
7cdc
What is -2e0 (base 15) in base 14?
-352
What is c7 (base 13) in base 3?
20001
Convert -7ab (base 16) to base 5.
-30323
-4645 (base 10) to base 8
-11045
What is 104b (base 14) in base 6?
21003
14132 (base 5) to base 10
1167
Convert -390 (base 14) to base 9.
-873
2012010 (base 4) to base 11
64a0
-1011010011010 (base 2) to base 15
-1aab
What is 5570 (base 9) in base 10?
4113
What is -21002 (base 5) in base 2?
-10101100001
What is 7211 (base 14) in base 12?
b427
What is 167 (base 9) in base 6?
354
What is -101314 (base 5) in base 4?
-310012
43100 (base 8) to base 14
67a8
Convert -899 (base 12) to base 15.
-599
-af (base 16) to base 4
-2233
-42020 (base 8) to base 12
-a100
3070 (base 8) to base 14
81a
1024 (base 6) to base 9
277
20f (base 16) to base 4
20033
Convert 12938 (base 13) to base 10.
34523
What is 79 (base 12) in base 4?
1131
Convert 48e3 (base 16) to base 7.
105254
What is -3476 (base 8) in base 7?
-5256
What is 100122112 (base 3) in base 11?
5315
Convert -660 (base 7) to base 11.
-286
What is -4f52 (base 16) in base 5?
-1122211
13322132 (base 4) to base 3
1122110112
17903 (base 10) to base 3
220120002
3398 (base 10) to base 3
11122212
Convert 947 (base 10) to base 12.
66b
-10000101011101 (base 2) to base 11
-6465
Convert 310023 (base 4) to base 5.
101324
Convert 16653 (base 11) to base 15.
6e0b
What is -1012101 (base 3) in base 11?
-725
-8368 (base 9) to base 6
-44225
Convert 43 (base 9) to base 10.
39
Convert -111010 (base 4) to base 13.
-7c9
10110000110 (base 2) to base 3
1221101
What is 101000101000100 (base 2) in base 11?
146a3
-8038 (base 11) to base 16
-29c1
Convert -196 (base 14) to base 3.
-110011
267 (base 13) to base 7
1143
Convert -8220 (base 9) to base 14.
-2296
b06 (base 14) to base 11
1696
What is 1001000010100111 (base 2) in base 4?
21002213
Convert b60 (base 12) to base 9.
2240
13445 (base 8) to base 2
1011100100101
What is 12015 (base 9) in base 8?
17541
Convert 48 (base 14) to base 13.
4c
Convert 954 (base 15) to base 7.
6064
110001 (base 3) to base 12
231
Convert 2221 (base 5) to base 2.
100110111
What is -1041311 (base 5) in base 9?
-27127
What is -1132 (base 5) in base 7?
-326
Convert 8be (base 16) to base 5.
32423
Convert 66 (base 8) to base 7.
105
Convert 2670 (base 12) to base 10.
4404
Convert 27906 (base 12) to base 8.
153126
-175 (base 11) to base 13
-128
-160a3 (base 13) to base 10
-41876
Convert 24540 (base 6) to base 10.
3660
Convert -41123 (base 5) to base 15.
-bc8
Convert 2100211 (base 4) to base 3.
110200201
What is -334 (base 8) in base 5?
-1340
What is 1b96 (base 12) in base 4?
311202
What is -580 (base 9) in base 8?
-735
What is 3754 (base 8) in base 11?
1584
What is -338 (base 9) in base 8?
-426
Convert -11505 (base 8) to base 11.
-3785
Convert 12223212 (base 4) to base 3.
1101112120
-1113 (base 4) to base 3
-10020
Convert 11111110011 (base 2) to base 6.
13231
Convert -73a2 (base 12) to base 16.
-316a
-18a92 (base 12) to base 8
-106416
24256 (base 7) to base 12
37a1
Convert -975 (base 14) to base 12.
-10b7
What is 285 (base 12) in base 11?
324
-10990 (base 13) to base 8
-72767
What is -465 (base 12) in base 10?
-653
What is 201 (base 6) in base 16?
49
-902 (base 14) to base 10
-1766
What is 2623 (base 13) in base 16?
153d
-214103 (base 7) to base 2
-1001001000111111
-2331000 (base 4) to base 2
-10111101000000
-5854 (base 12) to base 4
-2122000
Convert 11101101011011 (base 2) to base 3.
202211210
What is -1000100010 (base 2) in base 10?
-546
1750 (base 16) to base 9
8161
What is -178aa (base 11) in base 15?
-764b
6a18 (base 15) to base 8
53773
What is 31682 (base 9) in base 6?
241032
650 (base 10) to base 2
1010001010
Convert 121222 (base 4) to base 6.
11334
What is 1188 (base 13) in base 3?
10101210
Convert 33330220 (base 4) to base 3.
10022121021
545 (base 16) to base 8
2505
Convert -335 (base 14) to base 2.
-1001111011
4432 (base 7) to base 12
b07
Convert 21022 (base 4) to base 10.
586
221002210 (base 3) to base 15
5650
-6e (base 16) to base 12
-92
-3020 (base 13) to base 12
-39b5
What is -1122 (base 8) in base 9?
-730
-2483 (base 13) to base 4
-1100321
-12361 (base 8) to base 4
-1103301
What is 788 (base 13) in base 15?
5b5
10342 (base 12) to base 11
14a3a
-1807 (base 9) to base 10
-1384
2415 (base 10) to base 14
c47
Convert -2654 (base 14) to base 12.
-3a96
What is 339 